{"id":339,"date":"2026-02-09T12:45:52","date_gmt":"2026-02-09T11:45:52","guid":{"rendered":"https:\/\/energetyczne-swiadectwo.com\/?page_id=339"},"modified":"2026-02-09T12:47:22","modified_gmt":"2026-02-09T11:47:22","slug":"polityka-opinii","status":"publish","type":"page","link":"https:\/\/energetyczne-swiadectwo.com\/?page_id=339","title":{"rendered":"Polityka Opinii"},"content":{"rendered":"\n<div style=\"height:100px\" aria-hidden=\"true\" class=\"wp-block-spacer\"><\/div>\n\n\n\n<p class=\"has-text-align-center has-large-font-size\"><strong>Polityka opinii<\/strong><\/p>\n\n\n\n<div style=\"height:84px\" aria-hidden=\"true\" class=\"wp-block-spacer\"><\/div>\n\n\n\n<p class=\"has-text-align-center\"><strong>\u00a71 \u0179r\u00f3d\u0142o pochodzenia<\/strong><\/p>\n\n\n\n<div style=\"height:16px\" aria-hidden=\"true\" class=\"wp-block-spacer\"><\/div>\n\n\n\n<ol class=\"wp-block-list\">\n<li><strong>\u0179r\u00f3d\u0142o pochodzenia:<\/strong> Opinie wy\u015bwietlane na stronie internetowej s\u0105 pobierane z wizyt\u00f3wki firmy w us\u0142udze <strong>Google Maps (Google Moja Firma)<\/strong> za pomoc\u0105 narz\u0119dzia Trustindex.<\/li>\n<\/ol>\n\n\n\n<div style=\"height:42px\" aria-hidden=\"true\" class=\"wp-block-spacer\"><\/div>\n\n\n\n<p class=\"has-text-align-center\"><strong>\u00a72 Weryfikacja opinii<\/strong><\/p>\n\n\n\n<div style=\"height:16px\" aria-hidden=\"true\" class=\"wp-block-spacer\"><\/div>\n\n\n\n<ol class=\"wp-block-list\">\n<li>Opinie te pochodz\u0105 od os\u00f3b, kt\u00f3re posiadaj\u0105 konto w us\u0142udze Google.<\/li>\n\n\n\n<li><strong>Nie dokonujemy<\/strong> bezpo\u015bredniej weryfikacji, czy ka\u017cda osoba wystawiaj\u0105ca opini\u0119 faktycznie skorzysta\u0142a z naszych us\u0142ug, jednak polegamy na mechanizmach Google, kt\u00f3re maj\u0105 na celu eliminacj\u0119 spamu i fa\u0142szywych tre\u015bci.<\/li>\n<\/ol>\n\n\n\n<div style=\"height:42px\" aria-hidden=\"true\" class=\"wp-block-spacer\"><\/div>\n\n\n\n<p class=\"has-text-align-center\"><strong>\u00a73 Zasady wy\u015bwietlania<\/strong><\/p>\n\n\n\n<div style=\"height:16px\" aria-hidden=\"true\" class=\"wp-block-spacer\"><\/div>\n\n\n\n<ol class=\"wp-block-list\">\n<li>Dok\u0142adamy wszelkich stara\u0144, aby prezentowane opinie by\u0142y rzetelne<\/li>\n\n\n\n<li>Wy\u015bwietlane opinie nie s\u0105 sponsorowane ani op\u0142acane.<\/li>\n\n\n\n<li>Prezentujemy opinie w spos\u00f3b automatyczny (pobrane przez wid\u017cet), co zapewnia transparentno\u015b\u0107 ich publikacji.<\/li>\n<\/ol>\n\n\n\n<div style=\"height:16px\" aria-hidden=\"true\" class=\"wp-block-spacer\"><\/div>\n","protected":false},"excerpt":{"rendered":"<p>Polityka opinii \u00a71 \u0179r\u00f3d\u0142o pochodzenia \u00a72 Weryfikacja opinii \u00a73 Zasady wy\u015bwietlania<\/p>\n","protected":false},"author":1,"featured_media":0,"parent":0,"menu_order":0,"comment_status":"closed","ping_status":"closed","template":"common.php","meta":{"_acf_changed":false,"footnotes":""},"class_list":["post-339","page","type-page","status-publish","hentry"],"acf":[],"yoast_head":"<!-- This site is optimized with the Yoast SEO plugin v26.2 - https:\/\/yoast.com\/wordpress\/plugins\/seo\/ -->\n<title>Polityka Opinii - EnergoEkspert<\/title>\n<meta name=\"robots\" content=\"index, follow, max-snippet:-1, max-image-preview:large, max-video-preview:-1\" \/>\n<link rel=\"canonical\" href=\"https:\/\/energetyczne-swiadectwo.com\/?page_id=339\" \/>\n<meta property=\"og:locale\" content=\"pl_PL\" \/>\n<meta property=\"og:type\" content=\"article\" \/>\n<meta property=\"og:title\" content=\"Polityka Opinii - EnergoEkspert\" \/>\n<meta property=\"og:description\" content=\"Polityka opinii \u00a71 \u0179r\u00f3d\u0142o pochodzenia \u00a72 Weryfikacja opinii \u00a73 Zasady wy\u015bwietlania\" \/>\n<meta property=\"og:url\" content=\"https:\/\/energetyczne-swiadectwo.com\/?page_id=339\" \/>\n<meta property=\"og:site_name\" content=\"EnergoEkspert\" \/>\n<meta property=\"article:publisher\" content=\"https:\/\/www.facebook.com\/profile.php?id=61578783905385\" \/>\n<meta property=\"article:modified_time\" content=\"2026-02-09T11:47:22+00:00\" \/>\n<meta name=\"twitter:card\" content=\"summary_large_image\" \/>\n<meta name=\"twitter:label1\" content=\"Szacowany czas czytania\" \/>\n\t<meta name=\"twitter:data1\" content=\"1 minuta\" \/>\n<script type=\"application\/ld+json\" class=\"yoast-schema-graph\">{\"@context\":\"https:\/\/schema.org\",\"@graph\":[{\"@type\":\"WebPage\",\"@id\":\"https:\/\/energetyczne-swiadectwo.com\/?page_id=339\",\"url\":\"https:\/\/energetyczne-swiadectwo.com\/?page_id=339\",\"name\":\"Polityka Opinii - EnergoEkspert\",\"isPartOf\":{\"@id\":\"https:\/\/energetyczne-swiadectwo.com\/#website\"},\"datePublished\":\"2026-02-09T11:45:52+00:00\",\"dateModified\":\"2026-02-09T11:47:22+00:00\",\"breadcrumb\":{\"@id\":\"https:\/\/energetyczne-swiadectwo.com\/?page_id=339#breadcrumb\"},\"inLanguage\":\"pl-PL\",\"potentialAction\":[{\"@type\":\"ReadAction\",\"target\":[\"https:\/\/energetyczne-swiadectwo.com\/?page_id=339\"]}]},{\"@type\":\"BreadcrumbList\",\"@id\":\"https:\/\/energetyczne-swiadectwo.com\/?page_id=339#breadcrumb\",\"itemListElement\":[{\"@type\":\"ListItem\",\"position\":1,\"name\":\"Strona g\u0142\u00f3wna\",\"item\":\"https:\/\/energetyczne-swiadectwo.com\/\"},{\"@type\":\"ListItem\",\"position\":2,\"name\":\"Polityka Opinii\"}]},{\"@type\":\"WebSite\",\"@id\":\"https:\/\/energetyczne-swiadectwo.com\/#website\",\"url\":\"https:\/\/energetyczne-swiadectwo.com\/\",\"name\":\"EnergoEkspert\",\"description\":\"\",\"publisher\":{\"@id\":\"https:\/\/energetyczne-swiadectwo.com\/#organization\"},\"potentialAction\":[{\"@type\":\"SearchAction\",\"target\":{\"@type\":\"EntryPoint\",\"urlTemplate\":\"https:\/\/energetyczne-swiadectwo.com\/?s={search_term_string}\"},\"query-input\":{\"@type\":\"PropertyValueSpecification\",\"valueRequired\":true,\"valueName\":\"search_term_string\"}}],\"inLanguage\":\"pl-PL\"},{\"@type\":\"Organization\",\"@id\":\"https:\/\/energetyczne-swiadectwo.com\/#organization\",\"name\":\"Energetycznie\",\"url\":\"https:\/\/energetyczne-swiadectwo.com\/\",\"logo\":{\"@type\":\"ImageObject\",\"inLanguage\":\"pl-PL\",\"@id\":\"https:\/\/energetyczne-swiadectwo.com\/#\/schema\/logo\/image\/\",\"url\":\"https:\/\/energetyczne-swiadectwo.com\/wp-content\/uploads\/2025\/10\/cropped-Logo-EnergoEkspert.png\",\"contentUrl\":\"https:\/\/energetyczne-swiadectwo.com\/wp-content\/uploads\/2025\/10\/cropped-Logo-EnergoEkspert.png\",\"width\":832,\"height\":832,\"caption\":\"Energetycznie\"},\"image\":{\"@id\":\"https:\/\/energetyczne-swiadectwo.com\/#\/schema\/logo\/image\/\"},\"sameAs\":[\"https:\/\/www.facebook.com\/profile.php?id=61578783905385\"]}]}<\/script>\n<!-- \/ Yoast SEO plugin. -->","yoast_head_json":{"title":"Polityka Opinii - EnergoEkspert","robots":{"index":"index","follow":"follow","max-snippet":"max-snippet:-1","max-image-preview":"max-image-preview:large","max-video-preview":"max-video-preview:-1"},"canonical":"https:\/\/energetyczne-swiadectwo.com\/?page_id=339","og_locale":"pl_PL","og_type":"article","og_title":"Polityka Opinii - EnergoEkspert","og_description":"Polityka opinii \u00a71 \u0179r\u00f3d\u0142o pochodzenia \u00a72 Weryfikacja opinii \u00a73 Zasady wy\u015bwietlania","og_url":"https:\/\/energetyczne-swiadectwo.com\/?page_id=339","og_site_name":"EnergoEkspert","article_publisher":"https:\/\/www.facebook.com\/profile.php?id=61578783905385","article_modified_time":"2026-02-09T11:47:22+00:00","twitter_card":"summary_large_image","twitter_misc":{"Szacowany czas czytania":"1 minuta"},"schema":{"@context":"https:\/\/schema.org","@graph":[{"@type":"WebPage","@id":"https:\/\/energetyczne-swiadectwo.com\/?page_id=339","url":"https:\/\/energetyczne-swiadectwo.com\/?page_id=339","name":"Polityka Opinii - EnergoEkspert","isPartOf":{"@id":"https:\/\/energetyczne-swiadectwo.com\/#website"},"datePublished":"2026-02-09T11:45:52+00:00","dateModified":"2026-02-09T11:47:22+00:00","breadcrumb":{"@id":"https:\/\/energetyczne-swiadectwo.com\/?page_id=339#breadcrumb"},"inLanguage":"pl-PL","potentialAction":[{"@type":"ReadAction","target":["https:\/\/energetyczne-swiadectwo.com\/?page_id=339"]}]},{"@type":"BreadcrumbList","@id":"https:\/\/energetyczne-swiadectwo.com\/?page_id=339#breadcrumb","itemListElement":[{"@type":"ListItem","position":1,"name":"Strona g\u0142\u00f3wna","item":"https:\/\/energetyczne-swiadectwo.com\/"},{"@type":"ListItem","position":2,"name":"Polityka Opinii"}]},{"@type":"WebSite","@id":"https:\/\/energetyczne-swiadectwo.com\/#website","url":"https:\/\/energetyczne-swiadectwo.com\/","name":"EnergoEkspert","description":"","publisher":{"@id":"https:\/\/energetyczne-swiadectwo.com\/#organization"},"potentialAction":[{"@type":"SearchAction","target":{"@type":"EntryPoint","urlTemplate":"https:\/\/energetyczne-swiadectwo.com\/?s={search_term_string}"},"query-input":{"@type":"PropertyValueSpecification","valueRequired":true,"valueName":"search_term_string"}}],"inLanguage":"pl-PL"},{"@type":"Organization","@id":"https:\/\/energetyczne-swiadectwo.com\/#organization","name":"Energetycznie","url":"https:\/\/energetyczne-swiadectwo.com\/","logo":{"@type":"ImageObject","inLanguage":"pl-PL","@id":"https:\/\/energetyczne-swiadectwo.com\/#\/schema\/logo\/image\/","url":"https:\/\/energetyczne-swiadectwo.com\/wp-content\/uploads\/2025\/10\/cropped-Logo-EnergoEkspert.png","contentUrl":"https:\/\/energetyczne-swiadectwo.com\/wp-content\/uploads\/2025\/10\/cropped-Logo-EnergoEkspert.png","width":832,"height":832,"caption":"Energetycznie"},"image":{"@id":"https:\/\/energetyczne-swiadectwo.com\/#\/schema\/logo\/image\/"},"sameAs":["https:\/\/www.facebook.com\/profile.php?id=61578783905385"]}]}},"_links":{"self":[{"href":"https:\/\/energetyczne-swiadectwo.com\/index.php?rest_route=\/wp\/v2\/pages\/339","targetHints":{"allow":["GET"]}}],"collection":[{"href":"https:\/\/energetyczne-swiadectwo.com\/index.php?rest_route=\/wp\/v2\/pages"}],"about":[{"href":"https:\/\/energetyczne-swiadectwo.com\/index.php?rest_route=\/wp\/v2\/types\/page"}],"author":[{"embeddable":true,"href":"https:\/\/energetyczne-swiadectwo.com\/index.php?rest_route=\/wp\/v2\/users\/1"}],"replies":[{"embeddable":true,"href":"https:\/\/energetyczne-swiadectwo.com\/index.php?rest_route=%2Fwp%2Fv2%2Fcomments&post=339"}],"version-history":[{"count":3,"href":"https:\/\/energetyczne-swiadectwo.com\/index.php?rest_route=\/wp\/v2\/pages\/339\/revisions"}],"predecessor-version":[{"id":342,"href":"https:\/\/energetyczne-swiadectwo.com\/index.php?rest_route=\/wp\/v2\/pages\/339\/revisions\/342"}],"wp:attachment":[{"href":"https:\/\/energetyczne-swiadectwo.com\/index.php?rest_route=%2Fwp%2Fv2%2Fmedia&parent=339"}],"curies":[{"name":"wp","href":"https:\/\/api.w.org\/{rel}","templated":true}]}}